the prime factors of 119697430?
2, 5, 59, 202877
What are the prime factors of 399198131?
17, 139, 168937
What are the prime factors of 4400551166?
2, 11, 491, 407383
List the prime factors of 824014868.
2, 206003717
What are the prime factors of 667770?
2, 3, 5, 22259
What are the prime factors of 1792148771?
7, 3607, 70979
What are the prime factors of 619482747?
3, 13, 15884173
What are the prime factors of 3600884400?
2, 3, 5, 37, 81101
What are the prime factors of 4577678?
2, 7, 6673
What are the prime factors of 1081531056?
2, 3, 22531897
What are the prime factors of 7612414545?
3, 5, 507494303
List the prime factors of 17094085.
5, 457, 7481
What are the prime factors of 7754604?
2, 3, 11, 13, 4519
List the prime factors of 13161918.
2, 3, 7, 11, 31, 919
What are the prime factors of 46834098?
2, 3, 7805683
List the prime factors of 66656593.
66656593
List the prime factors of 1250722053.
3, 7, 191, 11549
What are the prime factors of 1439850564?
2, 3, 17, 487, 4831
What are the prime factors of 302443850?
2, 5, 1031, 5867
List the prime factors of 523706982.
2, 3, 251, 347747
List the prime factors of 1083113854.
2, 139, 3896093
List the prime factors of 135920784.
2, 3, 2831683
List the prime factors of 1265326550.
2, 5, 29, 30091
What are the prime factors of 1361953?
1361953
What are the prime factors of 1580040109?
1580040109
What are the prime factors of 242633165?
5, 137, 354209
List the prime factors of 410942775.
3, 5, 487, 11251
List the prime factors of 29691900.
2, 3, 5, 7, 1571
List the prime factors of 259358.
2, 11, 11789
What are the prime factors of 1430226224?
2, 7, 2399, 5323
What are the prime factors of 534275419?
337, 1585387
What are the prime factors of 163497211?
17, 727, 13229
List the prime factors of 272204992.
2, 4253203
List the prime factors of 485523923.
857, 566539
List the prime factors of 1493047159.
337, 1523, 2909
List the prime factors of 190252122.
2, 3, 29, 1093403
What are the prime factors of 23906942?
2, 11953471
What are the prime factors of 344880954?
2, 3, 11, 739, 2357
List the prime factors of 11375734.
2, 5687867
List the prime factors of 2319940395.
3, 5, 3271, 15761
List the prime factors of 101231975.
5, 13, 67, 4649
List the prime factors of 32370791.
32370791
List the prime factors of 60387116.
2, 15096779
List the prime factors of 185981402.
2, 349, 266449
What are the prime factors of 100838235?
3, 5, 6722549
List the prime factors of 70375367.
70375367
List the prime factors of 2096073674.
2, 23, 73, 624203
List the prime factors of 312220219.
312220219
List the prime factors of 587109874.
2, 13, 43, 525143
What are the prime factors of 197131693?
11, 17921063
List the prime factors of 1037889541.
13, 353, 226169
What are the prime factors of 54387839?
11, 109, 45361
What are the prime factors of 3398329038?
2, 3, 13, 43568321
List the prime factors of 47050501.
367, 128203
What are the prime factors of 310877348?
2, 77719337
List the prime factors of 280321027.
7, 449, 89189
List the prime factors of 2512852874.
2, 7, 71, 2528021
What are the prime factors of 1426250482?
2, 713125241
List the prime factors of 395747.
11, 35977
What are the prime factors of 1071787201?
47, 22803983
List the prime factors of 549604474.
2, 131, 2097727
List the prime factors of 1402619528.
2, 521, 336521
List the prime factors of 112590469.
41, 43, 63863
What are the prime factors of 9786792?
2, 3, 407783
List the prime factors of 1732039718.
2, 1321, 655579
List the prime factors of 678806460.
2, 3, 5, 1257049
List the prime factors of 205585246.
2, 37, 421, 6599
What are the prime factors of 140109086?
2, 13, 5388811
List the prime factors of 271820845.
5, 43, 383, 3301
List the prime factors of 85560972.
2, 3, 7, 1018583
List the prime factors of 621932029.
17, 23, 1217, 1307
What are the prime factors of 860465531?
860465531
List the prime factors of 54151743.
3, 53, 340577
List the prime factors of 795274626.
2, 3, 83, 827, 1931
List the prime factors of 200865837.
3, 131, 511109
What are the prime factors of 860639381?
7, 17564069
What are the prime factors of 6584713503?
3, 31, 61, 211, 5501
What are the prime factors of 40288865?
5, 8057773
What are the prime factors of 4900355?
5, 980071
List the prime factors of 2971508140.
2, 5, 2417, 61471
List the prime factors of 5084719397.
17, 299101141
List the prime factors of 101641820.
2, 5, 7, 726013
List the prime factors of 15686595.
3, 5, 131, 887
What are the prime factors of 3645292726?
2, 1822646363
What are the prime factors of 29954447?
29954447
List the prime factors of 1284142343.
11, 73, 1599181
What are the prime factors of 3071165672?
2, 383895709
List the prime factors of 43210918.
2, 21605459
List the prime factors of 6083883026.
2, 13, 7229, 32369
List the prime factors of 3080944369.
23, 29, 4619107
What are the prime factors of 512086819?
512086819
What are the prime factors of 96699694?
2, 7, 13, 487, 1091
List the prime factors of 353556131.
353556131
What are the prime factors of 1560325264?
2, 3803, 25643
What are the prime factors of 15583302?
2, 3, 7, 123677
List the prime factors of 284994146.
2, 7723, 18451
List the prime factors of 495260263.
401, 1235063
List the prime factors of 374193131.
13, 1861, 15467
What are the prime factors of 179375837?
179375837
List the prime factors of 66652052.
2, 16663013
List the prime factors of 112763804.
2, 967, 29153
What are the prime factors of 1300676614?
2, 37, 17576711
List the prime factors of 1221275614.
2, 13, 17, 389, 7103
List the prime factors of 6195671172.
2, 3, 1091, 157747
List the prime factors of 175783173.
3, 58594391
List the prime factors of 301518250.
2, 5, 11, 83, 1321
What are the prime factors of 413214863?
983, 420361
List the prime factors of 6117104891.
19, 67, 4805267
List the prime factors of 229697454.
2, 3, 7, 179, 30553
List the prime factors of 1068414594.
2, 3, 13, 13697623
List the prime factors of 189295079.
89, 2126911
What are the prime factors of 220791608?
2, 27598951
List the prime factors of 2668137422.
2, 83, 16073117
List the prime factors of 115029022.
2, 29, 47, 42197
What are the prime factors of 2202610754?
2, 359, 3067703
What are the prime factors of 6863949735?
3, 5, 37, 389, 31793
What are the prime factors of 41906359?
11, 491, 7759
List the prime factors of 34747252.
2, 17, 510989
List the prime factors of 505023007.
505023007
What are the prime factors of 25892680?
2, 5, 11, 83, 709
What are the prime factors of 143590213?
13, 11045401
What are the prime factors of 1061010967?
1061010967
List the prime factors of 504949427.
113, 4468579
What are the prime factors of 6122012267?
7, 37, 127, 186119
List the prime factors of 25264621.
2423, 10427
List the prime factors of 2170346889.
3, 787, 919249
List the prime factors of 1474462051.
29, 47, 1081777
What are the prime factors of 131347981?
131347981
What are the prime factors of 47005234?
2, 4679, 5023
What are the prime factors of 99567369?
3, 11, 409, 2459
List the prime factors of 1036094615.
5, 53, 1877, 2083
What are the prime factors of 55429119?
3, 73, 239, 353
List the prime factors of 512245552.
2, 7, 13, 59, 67, 89
List the prime factors of 906229563.
3, 53, 5699557
List the prime factors of 5106020.
2, 5, 53, 4817
What are the prime factors of 13699754?
2, 6849877
List the prime factors of 87931858.
2, 7, 73, 97, 887
List the prime factors of 710455114.
2, 743, 478099
What are the prime factors of 798345659?
798345659
What are the prime factors of 817802563?
817802563
List the prime factors of 7784697162.
2, 3, 11, 23, 71, 72229
What are the prime factors of 4136703?
3, 53, 26017
List the prime factors of 48151255.
5, 211, 45641
List the prime factors of 7023375235.
5, 41, 34260367
What are the prime factors of 241132764?
2, 3, 59, 340583
What are the prime factors of 100277345?
5, 7, 19, 101, 1493
List the prime factors of 13611202.
2, 11, 199, 3109
List the prime factors of 1928612338.
2, 964306169
What are the prime factors of 429360278?
2, 214680139
List the prime factors of 501652157.
149, 239, 14087
What are the prime factors of 916576548?
2, 3, 76381379
List the prime factors of 3596533116.
2, 3, 11, 71, 383753
What are the prime factors of 95170617?
3, 